, what is -422 + -114011140?
-114012112
In base 4, what is -10310211 + 1000222?
-3303323
In base 12, what is 6173aa + 33?
617421
In base 13, what is -98 - -258671?
2585a6
In base 12, what is -765 + 6328?
5783
In base 15, what is 55a + -3b88?
-362d
In base 7, what is 151 + -166306?
-166125
In base 10, what is 26967162 - 4?
26967158
In base 15, what is 2834b6 - 4?
2834b2
In base 16, what is -d846c - 36?
-d84a2
In base 2, what is 0 + -1000001001110000100?
-1000001001110000100
In base 14, what is 251dd - -1b2?
253b1
In base 11, what is 3 + -1a93635?
-1a93632
In base 2, what is 10 - 1011011010111111011010?
-1011011010111111011000
In base 14, what is -4 - -82061?
8205b
In base 12, what is -273 + -2a42?
-30b5
In base 2, what is 1 + 10111100000101110011?
10111100000101110100
In base 4, what is 20112233121233 - -1?
20112233121300
In base 15, what is -b0 + -509b5a?
-509c1a
In base 7, what is 11565636440 - 0?
11565636440
In base 3, what is -100022101102 - -1211212?
-100020112120
In base 11, what is -25834 - -2239?
-235a6
In base 6, what is -254031511 - -201?
-254031310
In base 11, what is 46 - -5a807?
5a852
In base 14, what is a4 - 2ba011?
-2b9d4b
In base 7, what is -22 + -14141254?
-14141306
In base 4, what is -1 - 1230123100101?
-1230123100102
In base 14, what is 6 - 104412?
-10440a
In base 16, what is -525 + 30ee?
2bc9
In base 6, what is 4321 + -10204200?
-10155435
In base 10, what is 81434 - 99?
81335
In base 4, what is -10010 + -1222213?
-1232223
In base 4, what is 110322 + -20320032?
-20203110
In base 15, what is 23c1 - -23b0?
4781
In base 16, what is -4 + 139794?
139790
In base 10, what is 5 + -74863685?
-74863680
In base 12, what is 4 + -19438553?
-1943854b
In base 10, what is -17336 - -20346?
3010
In base 9, what is 785 + 11025?
11821
In base 11, what is 323 + -97aa95?
-97a772
In base 8, what is -4162 - 16612?
-22774
In base 12, what is -4a112a26 + 5?
-4a112a21
In base 4, what is -13230001031 - 13?
-13230001110
In base 2, what is 10110000100101100000011011 - -10?
10110000100101100000011101
In base 10, what is 3 + 9128226?
9128229
In base 12, what is 521a52 + -37?
521a17
In base 3, what is -10 + -21120010220012?
-21120010220022
In base 10, what is 2621391 + -15?
2621376
In base 7, what is -43566 - -10?
-43556
In base 4, what is -12330222310000 + -1?
-12330222310001
In base 3, what is 11 - -2110121202121201?
2110121202121212
In base 6, what is -3003325434 + -44?
-3003325522
In base 8, what is 1215 - -2046412?
2047627
In base 14, what is -7d7c978 + a?
-7d7c96c
In base 10, what is -1754 + -2352?
-4106
In base 5, what is 11 + 213442222333?
213442222344
In base 16, what is 243be9b + -5?
243be96
In base 12, what is b06 + 7a16?
8920
In base 9, what is 2405660 + -6?
2405653
In base 8, what is -21134 + 20617?
-315
In base 10, what is 1546 + 15275?
16821
In base 7, what is -413634 + -10314?
-424251
In base 2, what is -1000101010111011 + -1111101001?
-1000111010100100
In base 12, what is -365b - 561?
-4000
In base 3, what is -1222010002120 - -12?
-1222010002101
In base 11, what is 24 + -37728?
-37704
In base 13, what is -119b2ba0 + -5?
-119b2ba5
In base 3, what is -2102020 + -12022201?
-21201221
In base 15, what is 21 + -1945b?
-1943a
In base 9, what is -804068 - -30?
-804038
In base 7, what is -131566604 + 11?
-131566563
In base 2, what is -1000100101000001 + 10001000101010?
-110011100010111
In base 16, what is 1 + -5329e19?
-5329e18
In base 12, what is 5740 + 2b058?
34798
In base 12, what is 23354 + 373?
23707
In base 7, what is -1 - 2260543315?
-2260543316
In base 4, what is 210232230 + -222020?
210010210
In base 7, what is 51066 + -66132?
-15033
In base 8, what is -55060 - -5151?
-47707
In base 12, what is -2579ba940 - 0?
-2579ba940
In base 16, what is -7f + 8e5a?
8ddb
In base 13, what is 3c07399 - -2?
3c0739b
In base 6, what is -53 + -143121553?
-143122050
In base 4, what is 11123233 - -11012?
11200311
In base 10, what is -39342533 + 2?
-39342531
In base 4, what is 1013130122323 + -11?
1013130122312
In base 3, what is -21011110120 + -11212?
-21011122102
In base 15, what is -4b + -83d99?
-83de5
In base 11, what is -1871455 + 5?
-1871450
In base 13, what is -6b1 + -bbb?
-159c
In base 11, what is -45725161 + a?
-45725152
In base 14, what is -169 + -a04d?
-a1b8
In base 7, what is 0 + -66026331?
-66026331
In base 12, what is 0 + 7a5a07?
7a5a07
In base 13, what is -46 + 1b73895?
1b7384c
In base 12, what is 126b - 12838?
-11589
In base 10, what is 2729 + 57279?
60008
In base 3, what is -11211222022 - -21020?
-11211201002
In base 10, what is 871457 - 48?
871409
In base 8, what is 3633 + 57555?
63410
In base 13, what is -3b061 - 410?
-3b471
In base 12, what is 0 - 4b20909?
-4b20909
In base 13, what is -9 + -c8c64?
-c8c70
In base 14, what is 3218417 + 0?
3218417
In base 5, what is -14101322 + 10031?
-14041241
In base 16, what is 8 - 81aca0?
-81ac98
In base 14, what is 4 + 2b662b9?
2b662bd
In base 2, what is 1100010111011110110100 + 1001?
1100010111011110111101
In base 15, what is 9a157ac - 3?
9a157a9
In base 10, what is -156 - 1051936?
-1052092
In base 5, what is -220344433 + -343?
-220400331
In base 11, what is -29539883 - -2?
-29539881
In base 13, what is -ac6c + 196?
-aaa6
In base 4, what is -1013300 - 200211?
-1220111
In base 12, what is -422545 + a8?
-422459
In base 6, what is -122201321425 + -2?
-122201321431
In base 12, what is 16b8b - 147?
16a44
In base 2, what is 1100100001 - 1011101100001?
-1010001000000
In base 6, what is 131534 + 3202?
135140
In base 16, what is -124ef2 - 8f?
-124f81
In base 8, what is 746 + 1351?
2317
In base 10, what is -52493417 - -1?
-52493416
In base 2, what is 11111101 + 10010101001001011010?
10010101001101010111
In base 2, what is 101111110111011001101 + -11?
101111110111011001010
In base 2, what is -11 + 10111101100001001000001011?
10111101100001001000001000
In base 5, what is -1432234431 - -1?
-1432234430
In base 11, what is 674 + -1a88?
-1414
In base 7, what is 1135160 + 224?
1135414
In base 12, what is -1019a497 - -3?
-1019a494
In base 3, what is -11 - 11122102112?
-11122102200
In base 3, what is -12 - -111021220202102?
111021220202020
In base 16, what is 4 + -18c44a1?
-18c449d
In base 2, what is -10101100 + -1000010010111100?
-1000010101101000
In base 6, what is 33410420 + 211?
33411031
In base 7, what is -2125 + 304321?
302163
In base 10, what is -2273 - 64159?
-66432
In base 7, what is -23403 + 461?
-22612
In base 11, what is -75 - -15aa16?
15a951
In base 9, what is 3 - -26633667?
26633671
In base 7, what is -1532042 - 26103?
-1561145
In base 4, what is 21312323232302 + -2?
21312323232300
In base 12, what is 3 + 238b035a?
238b0361
In base 10, what is 5 - -26803794?
26803799
In base 13, what is -4 + -390c80?
-390c84
In base 13, what is 4415c5 + 2?
4415c7
In base 16, what is 347d - 7f?
33fe
In base 8, what is -3340 - -45?
-3273
In base 10, what is 15953909 - -4?
15953913
In base 9, what is -2 - 2331150?
-2331152
In base 12, what is 2a9855 + -b?
2a9846
In base 16, what is 256 - 1bd8b?
-1bb35
In base 12, what is -2017 - 875?
-2890
In base 14, what is -5 - c6c67cb?
-c6c67d2
In base 16, what is -cb - -dbdae?
dbce3
In base 13, what is 72c1c - -50?
72c6c
In base 15, what is b1b + 2823?
343e
In base 13, what is -6 - -3848812?
3848809
In base 2, what is 10010 + -10100001001010110001000110?
-10100001001010110000110100
In base 6, what is 20223345 - 403?
20222542
In base 16, what is 86e71 + 207?
87078
In base 11, what is -6 - 606596?
-6065a1
In base 12, what is -57 + 5879a1?
587946
In base 7, what is -2 + -15410302?
-15410304
In base 11, what is 15971039 - 0?
15971039
In base 5, what is 12404231410 + -10?
12404231400
In base 7, what is -41561005 - 5?
-41561013
In base 9, what is -302447058 + 0?
-302447058
In base 15, what is 19d + -13bc0?
-13a22
In base 9, what is -382 + 12731?
12338
In base 7, what is -324 + 16116001?
16115344
In base 3, what is -101200 - -1100020200?
1022212000
In base 13, what is -5 + -9109c7?
-9109cc
In base 10, what is -223910868 + -2?
-223910870
In base 12, what is -211a + 7169?
504b
In base 2, what is 100111 + -1000101010100110111100010?
-1000101010100110110111011
In base 8, what is -3 + -47223506?
-47223511
In base 7, what is 130 - 431641?
-431511
In base 5, what is 4413442210 - -11?
4413442221
In base 